) = l + 16. Let g = -154 + 147. Determine q(g).
9
Let p(c) = -c**3 - c + c**2 - 2 + 1 - 12 + 0*c**3. Calculate p(0).
-13
Let d = 2 + 1. Suppose -d*q + i + 15 = 0, -q - 5*i = -2*i - 5. Suppose -p + 1 = 2*g, -q*g - 10 = -g - 2*p. Let v(s) = -5*s**3 - 2*s**2 + 1. Determine v(g).
4
Let i(r) be the first derivative of -r**2 - r + 3. Let j(c) = c + 1. Let w(x) = -i(x) - 3*j(x). Let q = 1 + -1. What is w(q)?
-2
Let n(v) = 3*v**2 - 7*v + 5. Let h(j) = -4*j**2 + 7*j - 5. Let o(q) = 2*h(q) + 3*n(q). Let i(t) = 5 - 2 - 3 + t + 1. Let c be i(3). Determine o(c).
-7
Let y(h) be the first derivative of -3*h**2/2 + 4*h + 8. Determine y(-3).
13
Let m(v) = -v**2 + 6*v + 6. Let o be 3/1 - (-7 + 4). Determine m(o).
6
Let p(r) be the third derivative of r**8/6720 + r**7/420 + r**6/240 - r**5/30 + r**4/6 - 3*r**2. Let v(x) be the second derivative of p(x). Calculate v(-5).
6
Let m be 1*(2 - (0 - -7)). Let d(f) = f + 2. What is d(m)?
-3
Let t(q) = -q**3 - 2*q**2 - 5*q + 0*q**2 + 4*q. Let g be (5 + 2/(-1))*3/(-9). Let u be t(g). Let r(k) = k**3 - 2. Calculate r(u).
-2
Let x(n) = n - 5 + 7 + 6. Determine x(0).
8
Let p(i) = -7*i - 7. Let x(u) = 4*u + 3. Let m(z) = -3*p(z) - 5*x(z). Let o be ((-5)/2 + 0)*2. Calculate m(o).
1
Let g(y) = -2*y + 0 - 6*y**2 + 0 + 8*y**2. Calculate g(2).
4
Suppose 0 = 2*z - 4*z + 8. Let d(c) = 6*c + 6 - 3 - 2*c**2 - c. Give d(z).
-9
Let r(u) = u**2 + 5*u - 5. Let p(v) = -2*v - 1. Let j be p(2). What is r(j)?
-5
Let k(p) = -p**3 + 3*p**2 + p - 2. Suppose 0 = 2*s - 4*s + 4. Let g be k(s). Suppose 0 = 5*d + g*i + 4, -4*i + 2 = -6*i. Let j(n) = n**3 - n**2 + 3. Give j(d).
3
Let g be ((-2)/(-3))/((-2)/(-3)). Let n(u) = -3 - g + 0 + 2 + 3*u. Give n(-2).
-8
Let d(l) = 2*l + 9. Let i be d(-7). Let y(x) = -20*x - 5. Suppose -8 - 26 = 2*s. Let t(b) = 7*b + 2. Let j(p) = s*t(p) - 6*y(p). Give j(i).
-9
Suppose -8*w - 1 = 31. Let u(m) = m**2 + 2*m - 3. Give u(w).
5
Let l(z) = z**2 - 1. Let j(w) = -w**2 - 7*w. Let k be j(-6). Let c(b) = 4*b**2 + b - 6. Let o(h) = k*l(h) - c(h). What is o(2)?
6
Let y(z) be the second derivative of z**4/4 + z**3/3 + 3*z**2/2 + z. Let j(c) be the first derivative of y(c). Give j(-2).
-10
Suppose -4*c = -23 + 3. Suppose -2*v + 21 = c*h, -4*v + 7 = 4*h - h. Let p(r) = -5*r - 3. Give p(v).
7
Let t(n) = n**2 + 5*n + 4. Let c be t(-5). Suppose -c*f + 0*f + 16 = 0. Let o(d) = d + 10. Let l(x) = 2*x + 19. Let g(k) = f*l(k) - 7*o(k). Calculate g(0).
6
Let z = -7 - -8. Let j(q) = 7*q**2 - z + 0*q**2 - 8*q**2 + 7*q. What is j(6)?
5
Let j be 6/(-5)*(-6)/(-12)*-5. Let x(q) = -2*q - 2. Determine x(j).
-8
Let r(m) = -4*m + 3*m + 74 + m**3 - 3*m**2 - 4*m - 70. What is r(3)?
-11
Let m(l) = 0 + l - 5*l**2 - 3*l**3 + 4*l**3 - 7. Let k be (-100)/(-30)*(-6)/(-4). What is m(k)?
-2
Let h = -10 - -9. Let y(v) = 4*v**3 - v**2 - v - 1. Give y(h).
-5
Let l = 14 - 10. Let h(b) = -1 + 0*b + l - 2*b. Give h(2).
-1
Let b(f) = -f**2 - f. Let d(w) = -2*w**2 - 3*w - 2. Let v(m) = -5*b(m) + d(m). Suppose -4*i + 26 = -p - 4*p, 0 = -p - 3*i + 10. Calculate v(p).
6
Let i(v) be the first derivative of v**4/4 + v**3/3 - 3*v**2/2 - v + 4. Suppose -c + 2 = 3. Let m be 14/(-6) - c/3. Determine i(m).
1
Let y = -2 - -3. Let b(z) = 4*z**2 - z + 3. Let k(n) be the first derivative of 5*n**3/3 - n**2/2 + 2*n - 1. Let i(h) = -2*b(h) + 3*k(h). Calculate i(y).
6
Let i(b) = 3*b**2 - 2*b + 1. Let u be i(1). Let y(m) = 5*m - 2. What is y(u)?
8
Suppose 2*m = -m + 9. Let j(q) = q**2 - 2*q + 4. Determine j(m).
7
Let c(l) be the third derivative of -3*l**4/8 - l**3/6 - 5*l**2. Determine c(1).
-10
Let f(j) = 3*j**2 + j + 1. Let n(c) = 7*c**2 + 3*c + 3. Let z(t) = -5*f(t) + 2*n(t). Suppose 6*o = 2*o. Calculate z(o).
1
Let k(x) = 28*x + 0 + 6 - 29*x. Give k(3).
3
Suppose 0 = 2*i - 4*a, 3*i - i + 3*a = 7. Let h(j) = -3*j + 1 + 4*j**2 - 3*j**2 + 0*j**i. Calculate h(2).
-1
Suppose 0 = o - 65 + 66. Let y(i) = -7*i**2 - i - 1. Calculate y(o).
-7
Let i = 4 + -2. Let d(b) be the second derivative of -b**7/2520 - b**5/120 + 3*b**4/4 + 10*b. Let z(a) be the third derivative of d(a). Give z(i).
-5
Let x(p) = 4*p**2 + 11*p - 14. Let n(d) = -9*d**2 - 23*d + 30. Let s(g) = 3*n(g) + 7*x(g). Determine s(-9).
1
Let l be ((-2)/2)/1 + 3. Let n(c) be the second derivative of -c**2 + c - 1/6*c**3 + 0. Determine n(l).
-4
Let k(z) = z**3 - z - 3. Suppose 0 = -2*a - 3*a. Calculate k(a).
-3
Let l = 32 - 28. Let g(a) = a + 2. What is g(l)?
6
Let d(n) be the second derivative of -n**5/120 - n**4/24 - 2*n**3/3 + 3*n. Let x(m) be the second derivative of d(m). What is x(5)?
-6
Suppose 0 = o - 6*o. Let c(m) = 2*m**2 + o*m + 0*m - m - 2*m**3. Calculate c(1).
-1
Let x(r) = -8*r + 12*r - 3*r + 3. Let o(d) = 6*d - 1. Let q be o(1). Determine x(q).
8
Let l(o) = o**2 + 6*o - 9. Let c be l(-7). Let s = c + 2. Suppose 5*u = -s*u + 5, 0 = 2*v + 4*u - 6. Let r(j) = -5*j**3 - 2*j**2 + j. Determine r(v).
-6
Let m(g) = g**3 + 5*g**2 - 5*g + 2. Let x(i) = -2*i**2 + 2. Let b be x(-2). Determine m(b).
-4
Let f(o) be the second derivative of 0 + 2*o + 0*o**2 + 1/6*o**3. Suppose 3*c = -0 + 6. Calculate f(c).
2
Let c(i) = i**3 - 6*i**2 + 2*i - 9. Let d be c(6). Suppose -d*v + 2*r - 6 = -2, 22 = v + 4*r. Let k(p) = p - v + 5 - 2*p. Give k(-4).
7
Let u(x) = 22*x + 1. Suppose -3*l = -0 - 3. Give u(l).
23
Let w(y) be the second derivative of -3*y**3/2 - 4*y. Give w(-1).
9
Suppose 0*w + 2*w + 2 = 0, 0 = -5*o - w + 9. Suppose 0 = -4*p + o*p - 12. Let s(u) = -u**2 - 6*u + 1. Give s(p).
1
Let s(t) = -t**2 - t - 1. Let j be s(-1). Let z(y) = -1 + 0*y - 1 + 1 + 10*y. Calculate z(j).
-11
Suppose -3*s - 2*k + 7 = 0, 7*s - 2*s - 3*k = 18. Let u(q) be the second derivative of -q**4/12 + q**3/6 - 3*q**2/2 + 89*q. What is u(s)?
-9
Let a = 4 - 3. Let n be 8/(a*(0 - -1)). Let c be 30/n + 12/(-16). Let b(j) = -2*j + 3. Calculate b(c).
-3
Let f(h) = h**3 + 7*h**2 - 3*h - 2. Let l(r) = r**2 + r. Let m(b) = f(b) - 2*l(b). What is m(-6)?
-8
Suppose 0*y + 2 = -y. Let f be 2 + -1 + (0 - y). Let k(g) = -5*g**3 + 3 - 7*g - g**2 + 2*g + 6*g**3. What is k(f)?
6
Let c(n) be the first derivative of -n**4/4 - 7*n**3/3 + 3*n**2 + 25. Determine c(-8).
16
Let p(h) = 1 + 0*h**3 - 2 + 5*h + h**3 - 2*h**2 - 2*h**3. Give p(-4).
11
Let l(x) = 6*x**2 - 16*x - 6. Let d(f) = -5*f**2 + 15*f + 5. Let s(c) = -5*d(c) - 4*l(c). Give s(12).
11
Let y(k) = -k + 7 + k**2 - 7*k - 1. Calculate y(6).
-6
Let d(t) = -3*t**2 - t + 1. Let p be d(-2). Let z(m) = m**2 + 10*m + 12. Determine z(p).
3
Let x(h) = -h + 10. Let c be x(8). Let k(p) = 3*p + 0*p**c - 2*p**2 + 2*p**2 - p**3 + 2*p**2 - 2. Determine k(3).
-2
Suppose -12 = -z - 2*z. Let w(d) = d**3 - 3*d**2 - 3. Calculate w(z).
13
Let w be (-8)/(-20) - (-92)/20. Let m(y) = -y**3 + 5*y**2 - 2. Give m(w).
-2
Let g(w) be the third derivative of -w**5/60 - w**4/12 + w**3 - 41*w**2. What is g(-5)?
-9
Let c(i) = -2*i**2 + 3*i + 1. Let g be (3*1)/((-20)/(-5) + -3). Calculate c(g).
-8
Suppose -5*n + 4*n + 7 = 0. Let m(c) = 9 + 2*c**3 + c - 6*c**2 + c - n + 2*c**2. Calculate m(2).
6
Let r be -2 - (1 - -14) - 2. Let k = -10 - r. Let i be 8/6 + (-3)/k. Let y(p) = -5*p**3 - p**2 - p + 1. Calculate y(i).
-6
Suppose -3*h + 6 = -3*k, 2*h - 4 = 3*k - 2*k. Let v(a) be the first derivative of -h + 9/2*a**2 - a. Determine v(1).
8
Let d(j) be the second derivative of j**5/10 + j**4/12 - j**3/3 + j**2/2 + 53*j. Calculate d(1).
2
Let o(c) = 21*c**2 + 11*c + 3. Let a(i) = 7*i**2 + 4*i + 1. Let w(b) = 17*a(b) - 6*o(b). Determine w(1).
-6
Let g = 5 - 0. Let c(q) = 1 + 0 + q**2 - 10*q + 4*q. Calculate c(g).
-4
Suppose -2*s + 11 = z - 6*s, 0 = -4*z - 3*s + 6. Suppose -5*k + z + 17 = 0. Let d(f) = -f**3 + 3*f**2 + 3. Calculate d(k).
-13
Let o(y) be the second derivative of -1/2*y**2 + 1/3*y**3 + 2*y + 0 - 1/4*y**4 + 1/20*y**5. Give o(2).
-1
Let m(z) = -z + 4. Let h(g) = g**2 - 5*g. Let x be h(6). Let y be ((-8)/x + 1)*0. Suppose y = -0*r + 5*r - 10. What is m(r)?
2
Let s(v) = -7*v + 3. Let r(n) = n - 1. Let d(w) = 6*r(w) + s(w). Determine d(0).
-3
Let y(s) = s**2 + 3*s - 6. Let i = -53 - -35. Let f = 10 + i. Let g = f + 3. What is y(g)?
4
Let n(l) = -2*l**2 + 31*l - 18. Let g be n(15). Let d(o) = 2*o**2 - o - 2. What is d(g)?
19
Let z(c) be the second derivative of -3*c - 1/2*c**2 + 0 + 2/3*c**3. What is z(-1)?
-5
Let k(q) = -q - 1. Let w(s) be the first deri